 - (-8)/12. Determine j(n).
-5
Let y = -6 + 10. Let l(c) be the second derivative of -c**7/840 + c**6/72 - c**5/24 + 2*c**3/3 - 2*c. Let a(k) be the second derivative of l(k). Give a(y).
-4
Suppose 2*p + 12 = -2*p. Let u(c) = c**3 + 3*c**2 + 3*c - 4. Determine u(p).
-13
Let g(a) = -1. Let w(u) = 3*u - 2. Let l(k) = 3*g(k) - w(k). Give l(1).
-4
Let u = 1 - -1. Suppose t = -u, 8 = -l - 5*t + 2. Let d(y) = 3 - y - 2 + 4 + 0*y. What is d(l)?
1
Suppose -6*g = -7*g + 5. Suppose -20 = -g*p - 5. Let u(b) = -3*b + 1. Give u(p).
-8
Let q = 74 + -76. Let r(i) = -2*i**2 + 3*i + 3. Calculate r(q).
-11
Let s(o) = -o**2 - 8*o - 7. Let g be s(-7). Let v(w) = 3*w + 1 + w - 5*w. Let a(t) = -5*t - 4. Let j(f) = -a(f) + 4*v(f). What is j(g)?
8
Suppose 3*z = -5*j - 10, 0 - 2 = j + 2*z. Let n be 1 + (-6*1)/j. Suppose -8 = 3*p + n. Let o(q) = -q**3 - 3*q**2 + 6*q + 3. What is o(p)?
-5
Let j(h) = -2*h - 2. Let n be -4 + -2 + 4 - 0. Give j(n).
2
Let u(i) = i**2 - 18*i + 31. Let g be u(16). Let d(k) = -4*k**2 + k. Give d(g).
-5
Let b(u) = 11*u**3 - 11*u**2 + 7*u - 4. Let z(g) = -5*g**3 + 5*g**2 - 3*g + 2. Let i = 9 - 5. Let v(l) = i*b(l) + 9*z(l). What is v(2)?
0
Let v be (-5)/(-20) + 21/12. Let y(s) be the third derivative of v*s**2 + 0*s + 1/4*s**4 + 1/6*s**3 - 1/60*s**5 + 0. Determine y(5).
6
Suppose 10*i = 25*i. Let j(w) = 0*w**2 + w + 1 + w**3 - 9 - w**2. Determine j(i).
-8
Let c(u) = -u**2 - 3*u - 1. Let l be -9 + (2 + -3 - -1). Let p(g) = -3 + g**2 - 9*g + 2*g**2 - 4*g**2. Let d be p(l). What is c(d)?
-1
Let r(f) = 2*f. Let j(o) = o. Let q(x) = 4*j(x) - r(x). Let c be q(1). Let h(m) = m**2 - 2*m + 2. Determine h(c).
2
Let d(j) = -j - 5. Suppose 4*u = 3*n + 35, 3*n - 2*u + 35 = -2*n. Give d(n).
0
Let n(y) be the second derivative of 1/12*y**4 + 3/2*y**2 + 0 - 1/20*y**5 - 3*y + 1/2*y**3. Give n(3).
-6
Let f be (2/(-2))/(-2*(-2)/(-8)). Let i(p) = -5*p + 3. Give i(f).
-7
Suppose 3*t + 23 = 17. Let z(a) = -a + 2. Determine z(t).
4
Let j(f) be the first derivative of -3/2*f**2 + f**3 - 1/4*f**4 + 0*f - 3. What is j(2)?
-2
Let a(x) = x - 3. Let u = -1 + 2. Let p be -1*-1*(u + -2). Let z = -1 - p. Give a(z).
-3
Let g(x) = -x + 4. Suppose -4*v - 5*n = 57, -v = -2*n + 7 + 4. Let z = v - -20. Let q(j) = j**3 + j**2 + 4*j - 13. Let r(t) = z*g(t) + 2*q(t). Determine r(-2).
-8
Let l(m) be the third derivative of -m**4/24 - 6*m**2. Determine l(-3).
3
Let h(c) = -2*c - 3. Suppose -2*t = -4*t + 10. Give h(t).
-13
Let q = 35 - 30. Let f = 40 - 26. Suppose -f = -q*p - 4. Let m(y) = 2*y - 2. What is m(p)?
2
Let g(v) = v**3 + 7*v**2 + v + 2. Let a(k) = 3*k**3 + 15*k**2 + 2*k + 4. Let o(i) = 2*a(i) - 5*g(i). What is o(5)?
-7
Let r(c) = c**2 - 4. Let z(l) be the second derivative of -l**5/20 - l**4/2 - l**2/2 + l. Let k be z(-6). Let n = k + 1. Give r(n).
-4
Let b = -81 - -84. Let p(g) = g**2 + g + 4. Determine p(b).
16
Let g be 6*2/((-8)/(-10)). Let c be (10/g)/((-2)/6). Let z(p) = 0*p**2 + 2*p**2 - p + 2*p - 1. Determine z(c).
5
Let d(n) = n**3 + 4*n**2 + 2*n - 8. Let o(t) = -1. Let a(m) = -d(m) + 5*o(m). Let h be a(-3). Let l(q) = h + 2*q - q - 2 + 1. Determine l(3).
2
Let j(v) = -v**2 + 5*v + 2. Let k be 40*(9/15 + -1). Let h = -11 - k. What is j(h)?
2
Suppose 0*a + 7 = a. Let n(f) = f**3 - 6*f**2 - 5*f - 6. Calculate n(a).
8
Let x(u) = -6*u + u**2 + 16 + 0*u - 18. Give x(3).
-11
Suppose 3*u = u - 8. Let n(g) be the third derivative of -g**6/120 - g**5/20 + g**4/4 + g**3 + 39*g**2 - g. Give n(u).
-2
Let r(n) = n. Let s be r(4). Suppose 0*u - 24 = -s*u. Suppose 0 = 2*y - 0*y + u. Let t(w) = w + 6. Calculate t(y).
3
Let c(n) = 7*n**3 + 12*n**2 + n + 5. Let m(a) = 15*a**3 + 25*a**2 + a + 11. Let q(h) = 13*c(h) - 6*m(h). What is q(-5)?
-11
Let o(z) be the first derivative of -7*z**6/120 - z**5/60 + z**2/2 - 2. Let w(g) be the second derivative of o(g). Give w(-1).
6
Let h(j) = j**3 - 3*j**2 - 5*j + 5. Suppose -12 = 4*a, 4*u + 3 = -a + 16. Determine h(u).
1
Let m(w) = -3*w + w + 2 - w**2 + 5*w. Determine m(4).
-2
Let n(j) = j**3 - 15*j**2 + 14*j - 6. Let t be n(14). Let s = 3 + t. Let f(r) = -r. What is f(s)?
3
Let w(l) = 6*l - 1. Let z(q) = -2 + q**2 + 1 + 0*q - 6*q + 0*q**2. Let a be z(6). Determine w(a).
-7
Let i(t) be the second derivative of t**5/20 + t**4/3 - t**2/2 + 7*t. Give i(-4).
-1
Let w(z) be the second derivative of -z**8/6720 + z**7/2520 + z**6/240 + z**5/30 - z**4/12 + 7*z. Let i(v) be the third derivative of w(v). What is i(3)?
-5
Suppose -2*b - 4*u + 2 = 0, 0 = b - 4*b - 4*u - 1. Let a(s) = -s - 3. Calculate a(b).
0
Let z(s) = s + 3. Let x be z(-3). Suppose -3*h = -6*h - 9. Let k be (x - -2) + (-5 - h). Let f(t) = -t**2 - t + 1. Give f(k).
1
Let w(s) = -s**3 + 4*s**2 - s - 2. Let d be w(2). Let a(y) = -y**3 + 5*y**2 - 5*y. Calculate a(d).
-4
Let w(k) = -k**3 - 5*k**2 - 3*k + 2. Let b = -25 + 22. Give w(b).
-7
Let o = -11 + 12. Let y(g) be the third derivative of g**6/20 + g**5/30 - g**4/12 + g**3/6 + g**2. Determine y(o).
7
Let j = 3 - 5. Let x(f) = 5*f**3 - 4*f + 2. Let u(q) = -9*q**3 - q**2 + 7*q - 4. Let d(n) = -4*u(n) - 7*x(n). What is d(j)?
10
Let w(k) = -30*k**2 - 5*k - 11. Let r(f) = -20*f**2 - 3*f - 7. Let m(g) = 8*r(g) - 5*w(g). Calculate m(1).
-10
Let i(a) = 2*a**3 + 2*a**2 + a. Let q(v) be the third derivative of v**6/120 - 2*v**5/15 - v**4/3 - 11*v**3/6 + 4*v**2. Let s be q(9). Determine i(s).
-10
Let u(c) = c**2 + 10*c + 1. Let a(r) = -r. Let m(v) = -5*a(v) - u(v). Determine m(-4).
3
Let d(s) be the second derivative of 0*s**2 + 1/6*s**3 + 2*s + 0 + 1/8*s**4 + 1/120*s**5. Let c(b) be the second derivative of d(b). Calculate c(0).
3
Let l(m) = -7*m + 5. Let a(z) = 11*z - 8. Let u(r) = -5*a(r) - 8*l(r). Let n(y) = 0 - 5*y + 0 + 1. Let w(f) = n(f) + 6*u(f). Determine w(1).
2
Let t(r) = -7*r**2 - 2*r + 1. Let l be t(1). Let g(y) = y**3 + 7*y**2 - 9*y - 11. Let b be g(l). Let v(j) = -j**2 - j - j - 2*j. Calculate v(b).
3
Let a(j) = j**2 - 12*j + 7. Suppose -2*y + 3*k + 32 = -2*k, 5*k - 1 = -y. Determine a(y).
-4
Let w(k) = k + 6. Let t(l) = 4*l + 25. Let b(j) = 6*t(j) - 26*w(j). What is b(5)?
-16
Let r(f) = f**2 + 8*f - 7. Let g be r(-9). Let p(y) be the third derivative of y**6/60 - y**5/20 + y**4/8 - y**3/6 + 26*y**2. Calculate p(g).
9
Let r(i) be the third derivative of 0*i + 0*i**3 - 3*i**2 - 1/24*i**4 + 0. Calculate r(-2).
2
Let a(i) = i**2 - 5. Let k = -13 - -13. What is a(k)?
-5
Let w(i) = -i**3 - 4*i**2 + 2*i + 2. Suppose -n - n = -3*h - 13, 0 = -n - h + 9. Let l = n - 12. Calculate w(l).
-6
Let n = 10 + -9. Let l be 0 - n - (5 + -7). Let i(y) = -3*y**3 - y**2 + 2*y - 1. Determine i(l).
-3
Let x(a) be the first derivative of -a**4/4 - 7*a**3/3 - 3*a**2 - 3*a + 1. Let z(t) = t - 7. Let y be z(1). What is x(y)?
-3
Let q(u) = 2*u - 4. Let b(r) = 1. Let j(c) = 12*b(c) + 3*q(c). Give j(1).
6
Let h(n) = -n - 6. Let x be h(-6). Suppose x = -0*g + g + 3. Let p(s) = -s - 6. What is p(g)?
-3
Let g(b) be the third derivative of b**8/20160 - b**7/5040 + b**6/360 - b**5/10 + 6*b**2. Let t(p) be the third derivative of g(p). Calculate t(0).
2
Let z be (-3)/(-1) - (22 - 24). Let h(d) = -d + 5. What is h(z)?
0
Suppose -5*c + 32 = -c. Let z(w) = w**3 - 8*w**2 - w + 4. Let k be z(c). Let a(j) = 0*j + 1 - 4 + j. Determine a(k).
-7
Let a(u) = -u**2 + 4*u - 4. Suppose -2*r - n + 4 = 0, n + 26 - 9 = 5*r. Let d = 7 - r. Give a(d).
-4
Let k(j) = 8 + 4 - 21 - j. Give k(0).
-9
Suppose 3*v + 19 = -5*y, 5*y = -20 - 5. Let k(m) = -2*m**2 + v*m**2 - 5 + 7*m - m**2. Determine k(6).
1
Let k(y) be the second derivative of -y**6/180 + y**5/40 - y**4/12 + 3*y. Let z(u) be the third derivative of k(u). Give z(2).
-5
Let f(h) be the first derivative of -h**2/2 - 2*h + 12. What is f(-6)?
4
Let y(i) = -2*i - 2. Let v = 81 - 88. Determine y(v).
12
Let k be 0/((1 + 2)/3). Suppose k = 3*v + 5*t + 4 - 1, 3*t - 3 = 3*v. Let r(l) = l. Let o(a) = a**2 + 4*a. Let m(f) = v*o(f) + 2*r(f). What is m(-4)?
-8
Let y(n) = -n**3 + 4*n**2 - 2*n - 3. Let w be y(3). Let v(j) = -4*j + w*j - 5 + 0*j + 3*j. What is v(0)?
-5
Let o be (-2)/(-8) - (-18)/(-8). Let a(s) = -3*s**2 - 4*s - 3. Calculate a(o).
-7
Suppose -3*f - 7 = -22. Let x(a) = -2*a**2 + 7 - 3*a**2 - 6*a + 6*a**2. Calculate x(f).
2
Suppose -r = 2*f - 6, f - 5*r + 0*r - 14 = 0. Suppose f*o + 15 + 5 = 0. Let q(b) = b**3 + 5*b**2 - 7. What is q(o)?
